{"id":87,"date":"2019-12-19T12:35:03","date_gmt":"2019-12-19T11:35:03","guid":{"rendered":"http:\/\/192.168.0.21\/?page_id=87"},"modified":"2021-05-06T15:34:49","modified_gmt":"2021-05-06T14:34:49","slug":"mentions-legales","status":"publish","type":"page","link":"https:\/\/helenearden.com\/?page_id=87","title":{"rendered":"Mentions l\u00e9gales"},"content":{"rendered":"\n<div style=\"height:50px\" aria-hidden=\"true\" class=\"wp-block-spacer\"><\/div>\n\n\n\n<p class=\"has-text-color\" style=\"color:#000000\">Merci de lire avec attention les diff\u00e9rentes modalit\u00e9s d\u2019utilisation  du pr\u00e9sent site avant d\u2019y parcourir ses pages. En vous connectant sur ce  site, vous acceptez sans r\u00e9serves les pr\u00e9sentes modalit\u00e9s. Aussi,  conform\u00e9ment \u00e0 l\u2019article n\u00b06 de la Loi n\u00b02004-575 du 21 Juin 2004 pour  la confiance dans l\u2019\u00e9conomie num\u00e9rique, les responsables du pr\u00e9sent site internet <a href=\"https:\/\/helenearden.com\" title=\"https:\/\/helenearden.com\">www.helenearden.com <\/a>sont :<\/p>\n\n\n\n<div style=\"height:50px\" aria-hidden=\"true\" class=\"wp-block-spacer\"><\/div>\n\n\n\n<p class=\"has-text-color\" style=\"color:#000000\"><strong>Editeur du Site : <\/strong><\/p>\n\n\n\n<p class=\"has-text-color\" style=\"color:#000000\">Responsable \u00e9ditorial : H\u00e9l\u00e8ne Arden<\/p>\n\n\n\n<p class=\"has-text-color\" style=\"color:#000000\">Email : <a href=\"mailto:helenearden2@gmail.com\" title=\"mailto:helenearden2@gmail.com\">helenearden2@gmail.com<\/a><\/p>\n\n\n\n<p class=\"has-text-color\" style=\"color:#000000\">Site Web :<a href=\"https:\/\/helenearden.com\"> www.helene-arden.com<\/a><\/p>\n\n\n\n<div style=\"height:50px\" aria-hidden=\"true\" class=\"wp-block-spacer\"><\/div>\n\n\n\n<p class=\"has-text-color\" style=\"color:#000000\"><strong>H\u00e9bergement : <\/strong> <a href=\"http:\/\/hostinger.com\" title=\"hostinger.com\" target=\"_blank\" rel=\"noreferrer noopener\">hostinger.com<\/a><\/p>\n\n\n\n<div style=\"height:50px\" aria-hidden=\"true\" class=\"wp-block-spacer\"><\/div>\n\n\n\n<p class=\"has-text-color\" style=\"color:#000000\"><strong>D\u00e9veloppement<\/strong><strong> : <\/strong><\/p>\n\n\n\n<p class=\"has-text-color\" style=\"color:#000000\">Alexandra Parsy<\/p>\n\n\n\n<p class=\"has-text-color\" style=\"color:#000000\">Email: <a href=\"mailto:parsyalexandra@outlook.com\">parsyalexandra@outlook.com<\/a><\/p>\n\n\n\n<div style=\"height:50px\" aria-hidden=\"true\" class=\"wp-block-spacer\"><\/div>\n\n\n\n<p class=\"has-text-color\" style=\"color:#000000\"><strong>Conditions d\u2019utilisation : <\/strong><\/p>\n\n\n\n<p class=\"has-text-color\" style=\"color:#000000\">Ce site (<a href=\"http:\/\/helenarden.com\" title=\"http:\/\/helenarden.com\">www.helenarden.com<\/a>)  est propos\u00e9 en diff\u00e9rents langages web (HTML5, Javascript, CSS 3,  etc\u2026) pour un meilleur confort d\u2019utilisation et un graphisme plus  agr\u00e9able, nous vous recommandons de recourir \u00e0 des navigateurs modernes  comme Internet explorer, Safari, Firefox, Google Chrome, etc\u2026<\/p>\n\n\n\n<p class=\"has-text-color\" style=\"color:#000000\">L\u2019\u00e9ditrice met en \u0153uvre tous les moyens dont elle dispose, pour assurer une  information fiable et une mise \u00e0 jour fiable de ses sites internet. Toutefois, des erreurs ou omissions peuvent survenir. L\u2019internaute devra  donc s\u2019assurer de l\u2019exactitude des informations aupr\u00e8s de , et signaler  toutes modifications du site qu\u2019il jugerait utile. n\u2019est en aucun cas  responsable de l\u2019utilisation faite de ces informations, et de tout  pr\u00e9judice direct ou indirect pouvant en d\u00e9couler.<\/p>\n\n\n\n<p class=\"has-text-color\" style=\"color:#000000\"><strong>Liens hypertextes :<\/strong>  Les sites internet ne peuvent offrir des liens vers d\u2019autres sites  internet ou d\u2019autres ressources disponibles sur Internet. H\u00e9l\u00e8ne Arden ne dispose d\u2019aucun moyen pour contr\u00f4ler les sites en  connexion avec ses sites internet. ne r\u00e9pond pas de la disponibilit\u00e9 de tels sites et sources externes, ni ne la garantit. Elle ne peut \u00eatre tenue pour responsable de tout dommage, de quelque nature que ce soit,  r\u00e9sultant du contenu de ces sites ou sources externes, et notamment des  informations, produits ou services qu\u2019ils proposent, ou de tout usage  qui peut \u00eatre fait de ces \u00e9l\u00e9ments. Les risques li\u00e9s \u00e0 cette utilisation incombent pleinement \u00e0 l\u2019internaute, qui doit se conformer \u00e0 leurs conditions d\u2019utilisation.<\/p>\n\n\n\n<p class=\"has-text-color\" style=\"color:#000000\">Les utilisateurs, les abonn\u00e9s et les visiteurs des sites internet ne peuvent pas mettre en place un  hyperlien en direction de ce site sans l\u2019autorisation expresse et  pr\u00e9alable de H\u00e9l\u00e8ne Arden.<\/p>\n\n\n\n<p class=\"has-text-color\" style=\"color:#000000\">Dans l\u2019hypoth\u00e8se o\u00f9 un utilisateur  ou visiteur souhaiterait mettre en place un hyperlien en direction d\u2019un  des sites internet de H\u00e9l\u00e8ne Arden, il lui appartiendra d\u2019adresser  un email accessible sur le site afin de formuler sa demande de mise en  place d\u2019un hyperlien. H\u00e9l\u00e8ne Arden se r\u00e9serve le droit d\u2019accepter ou  de refuser un hyperlien sans avoir \u00e0 en justifier sa d\u00e9cision.<\/p>\n\n\n\n<p class=\"has-text-color\" style=\"color:#000000\"><strong>Services fournis : <\/strong><\/p>\n\n\n\n<p class=\"has-text-color\" style=\"color:#000000\">H\u00e9l\u00e8ne Arden s\u2019efforce de fournir sur le site <a href=\"https:\/\/helenearden.com\" title=\"helenearden.com\">www.helenearden.com<\/a> des  informations aussi pr\u00e9cises que possible. les renseignements figurant  sur le site ne sont pas exhaustifs et les photos non contractuelles. Ils sont donn\u00e9s  sous r\u00e9serve de modifications ayant \u00e9t\u00e9 apport\u00e9es depuis leur mise en  ligne. Par ailleurs, tous les informations indiqu\u00e9es sur le site sont donn\u00e9es \u00e0 titre indicatif, et sont susceptibles de changer ou d\u2019\u00e9voluer sans pr\u00e9avis.<\/p>\n\n\n\n<p class=\"has-text-color\" style=\"color:#000000\"><strong>Limitation contractuelles sur les donn\u00e9es : <\/strong><\/p>\n\n\n\n<p class=\"has-text-color\" style=\"color:#000000\">Les  informations contenues sur ce site sont aussi pr\u00e9cises que possible et  le site remis \u00e0 jour \u00e0 diff\u00e9rentes p\u00e9riodes de l\u2019ann\u00e9e, mais peut  toutefois contenir des inexactitudes ou des omissions. Si vous constatez  une lacune, erreur ou ce qui parait \u00eatre un dysfonctionnement, merci de  bien vouloir le signaler par email, \u00e0 l\u2019adresse <a href=\"mailto:helenearden2@gmail.com\" title=\"mailto:helenearden2@gmail.com\">helenearden2@gmail.com<\/a>,  en d\u00e9crivant le probl\u00e8me de la mani\u00e8re la plus pr\u00e9cise possible (page  posant probl\u00e8me, type d\u2019ordinateur et de navigateur utilis\u00e9, \u2026).<\/p>\n\n\n\n<p class=\"has-text-color\" style=\"color:#000000\">Tout  contenu t\u00e9l\u00e9charg\u00e9 se fait aux risques et p\u00e9rils de l\u2019utilisateur et  sous sa seule responsabilit\u00e9. En cons\u00e9quence, ne saurait \u00eatre tenu  responsable d\u2019un quelconque dommage subi par l\u2019ordinateur de  l\u2019utilisateur ou d\u2019une quelconque perte de donn\u00e9es cons\u00e9cutives au  t\u00e9l\u00e9chargement. De plus, l\u2019utilisateur du  site s\u2019engage \u00e0 acc\u00e9der au site en utilisant un mat\u00e9riel r\u00e9cent, ne  contenant pas de virus et avec un navigateur de derni\u00e8re g\u00e9n\u00e9ration  mis-\u00e0-jour.<\/p>\n\n\n\n<p class=\"has-text-color\" style=\"color:#000000\"><strong>Propri\u00e9t\u00e9 intellectuelle :<\/strong><\/p>\n\n\n\n<p class=\"has-text-color\" style=\"color:#000000\">Tout le contenu du pr\u00e9sent site,  incluant, de fa\u00e7on non limitative, les graphismes, images, textes,  vid\u00e9os, animations, sons, logos, gifs et ic\u00f4nes ainsi que leur mise en forme sont la propri\u00e9t\u00e9 exclusive de H\u00e9l\u00e8ne Arden \u00e0 l\u2019exception des  marques, logos ou contenus appartenant \u00e0 d\u2019autres soci\u00e9t\u00e9s partenaires  ou auteurs.<\/p>\n\n\n\n<p class=\"has-text-color\" style=\"color:#000000\">Toute reproduction, distribution, modification,  adaptation, retransmission ou publication, m\u00eame partielle, de ces  diff\u00e9rents \u00e9l\u00e9ments est strictement interdite sans l\u2019accord expr\u00e8s par  \u00e9crit de l&rsquo;\u00e9ditrice. Cette repr\u00e9sentation ou reproduction, par  quelque proc\u00e9d\u00e9 que ce soit, constitue une contrefa\u00e7on sanctionn\u00e9e par  les articles L.335-2 et suivants du Code de la propri\u00e9t\u00e9 intellectuelle.  Le non-respect de cette interdiction constitue une contrefa\u00e7on pouvant  engager la responsabilit\u00e9 civile et p\u00e9nale du contrefacteur. En outre,  les propri\u00e9taires des Contenus copi\u00e9s pourraient intenter une action en  justice \u00e0 votre encontre.<\/p>\n\n\n\n<p class=\"has-text-color\" style=\"color:#000000\"><strong>Litiges : <\/strong><\/p>\n\n\n\n<p class=\"has-text-color\" style=\"color:#000000\">Les pr\u00e9sentes conditions du site sont r\u00e9gies par les lois fran\u00e7aises et toute contestation ou litiges qui pourraient na\u00eetre de l\u2019interpr\u00e9tation ou de l\u2019ex\u00e9cution de celles-ci seront de la comp\u00e9tence exclusive des tribunaux d&rsquo;Aix-en-Provence. La langue de r\u00e9f\u00e9rence, pour le r\u00e8glement de  contentieux \u00e9ventuels, est le fran\u00e7ais.<\/p>\n\n\n\n<p class=\"has-text-color\" style=\"color:#000000\"><strong>Donn\u00e9es personnelles :<\/strong><\/p>\n\n\n\n<p class=\"has-text-color\" style=\"color:#000000\">De mani\u00e8re g\u00e9n\u00e9rale, vous n\u2019\u00eates pas tenu de nous communiquer vos donn\u00e9es personnelles lorsque vous visitez notre site Internet.<\/p>\n\n\n\n<p class=\"has-text-color\" style=\"color:#000000\">Cependant,  ce principe comporte certaines exceptions. En effet, pour certains services propos\u00e9s par notre site, vous pouvez \u00eatre amen\u00e9s \u00e0 nous  communiquer certaines donn\u00e9es telles que : votre nom, votre pr\u00e9nom, et votre adresse \u00e9lectronique. Tel est le cas lorsque vous remplissez le formulaire qui vous est propos\u00e9 en ligne, dans la rubrique \u00ab <a href=\"http:\/\/192.168.0.21\/contact\/\">contact<\/a> \u00bb. Une fois l&rsquo;\u00e9change termin\u00e9, toutes vos informations personnelles seront supprim\u00e9es de nos bases de donn\u00e9es.<\/p>\n\n\n\n<p class=\"has-text-color\" style=\"color:#000000\">Enfin, nous pouvons \ncollecter de mani\u00e8re automatique certaines informations vous concernant \nlors d\u2019une simple navigation sur notre site Internet, notamment : des \ninformations concernant l\u2019utilisation de notre site, comme les zones que\n vous visitez et les services auxquels vous acc\u00e9dez, votre adresse IP, \nle type de votre navigateur, vos temps d\u2019acc\u00e8s.<\/p>\n\n\n\n<p class=\"has-text-color\" style=\"color:#000000\">De telles informations sont utilis\u00e9es exclusivement \u00e0 des fins de statistiques  internes, de mani\u00e8re \u00e0 am\u00e9liorer la qualit\u00e9 des services qui vous sont  propos\u00e9s. Elles sont conserv\u00e9es pendant un an. Les bases de donn\u00e9es sont prot\u00e9g\u00e9es par les dispositions de la loi du 1er juillet 1998 transposant la directive 96\/9 du 11 mars 1996  relative \u00e0 la protection juridique des bases de donn\u00e9es.<\/p>\n\n\n\n<p><strong>Aucune de vos informations ne sera utilis\u00e9e \u00e0 des fins commerciales ni partag\u00e9.<\/strong><\/p>\n","protected":false},"excerpt":{"rendered":"<p>Merci de lire avec attention les diff\u00e9rentes modalit\u00e9s d\u2019utilisation du pr\u00e9sent site avant d\u2019y parcourir ses pages. En vous connectant sur ce site, vous acceptez sans r\u00e9serves les pr\u00e9sentes modalit\u00e9s. Aussi, conform\u00e9ment \u00e0 l\u2019article n\u00b06 de la Loi n\u00b02004-575 du 21 Juin 2004 pour la confiance dans l\u2019\u00e9conomie num\u00e9rique, les responsables du pr\u00e9sent site internet www.helenearden.com sont : Editeur du Site : Responsable \u00e9ditorial : H\u00e9l\u00e8ne Arden Email : helenearden2@gmail.com Site Web : www.helene-arden.com H\u00e9bergement : hostinger.com D\u00e9veloppement : Alexandra Parsy Email: parsyalexandra@outlook.com Conditions d\u2019utilisation : Ce site (www.helenarden.com) est propos\u00e9 en diff\u00e9rents langages web (HTML5, Javascript, CSS 3, etc\u2026) pour un meilleur confort d\u2019utilisation et un graphisme plus agr\u00e9able, nous vous recommandons de recourir \u00e0 des navigateurs modernes comme Internet explorer, Safari, Firefox, Google Chrome, etc\u2026 L\u2019\u00e9ditrice met en \u0153uvre tous les moyens dont elle dispose, pour assurer une information fiable et une mise \u00e0 jour fiable de ses sites internet. Toutefois, des erreurs ou omissions peuvent survenir. L\u2019internaute devra donc s\u2019assurer de l\u2019exactitude des informations aupr\u00e8s de , et signaler toutes modifications du site qu\u2019il jugerait utile. n\u2019est en aucun cas responsable de l\u2019utilisation faite de ces informations, et de tout pr\u00e9judice direct ou indirect pouvant en d\u00e9couler. Liens hypertextes : Les sites internet ne peuvent offrir des liens vers d\u2019autres sites internet ou d\u2019autres ressources disponibles sur Internet. H\u00e9l\u00e8ne Arden ne dispose d\u2019aucun moyen pour contr\u00f4ler les sites en connexion avec ses sites internet. ne r\u00e9pond pas de la disponibilit\u00e9 de tels sites et sources externes, ni ne la garantit. Elle ne peut \u00eatre tenue pour responsable de tout dommage, de quelque nature que ce soit, r\u00e9sultant du contenu de ces sites ou sources externes, et notamment des informations, produits ou services qu\u2019ils proposent, ou de tout usage qui peut \u00eatre fait de ces \u00e9l\u00e9ments. Les risques li\u00e9s \u00e0 cette utilisation incombent pleinement \u00e0 l\u2019internaute, qui doit se conformer \u00e0 leurs conditions d\u2019utilisation. Les utilisateurs, les abonn\u00e9s et les visiteurs des sites internet ne peuvent pas mettre en place un hyperlien en direction de ce site sans l\u2019autorisation expresse et pr\u00e9alable de H\u00e9l\u00e8ne Arden. Dans l\u2019hypoth\u00e8se o\u00f9 un utilisateur ou visiteur souhaiterait mettre en place un hyperlien en direction d\u2019un des sites internet de H\u00e9l\u00e8ne Arden, il lui appartiendra d\u2019adresser un email accessible sur le site afin de formuler sa demande de mise en place d\u2019un hyperlien. H\u00e9l\u00e8ne Arden se r\u00e9serve le droit d\u2019accepter ou de refuser un hyperlien sans avoir \u00e0 en justifier sa d\u00e9cision. Services fournis : H\u00e9l\u00e8ne Arden s\u2019efforce de fournir sur le site www.helenearden.com des informations aussi pr\u00e9cises que possible. les renseignements figurant sur le site ne sont pas exhaustifs et les photos non contractuelles. Ils sont donn\u00e9s sous r\u00e9serve de modifications ayant \u00e9t\u00e9 apport\u00e9es depuis leur mise en ligne. Par ailleurs, tous les informations indiqu\u00e9es sur le site sont donn\u00e9es \u00e0 titre indicatif, et sont susceptibles de changer ou d\u2019\u00e9voluer sans pr\u00e9avis. Limitation contractuelles sur les donn\u00e9es : Les informations contenues sur ce site sont aussi pr\u00e9cises que possible et le site remis \u00e0 jour \u00e0 diff\u00e9rentes p\u00e9riodes de l\u2019ann\u00e9e, mais peut toutefois contenir des inexactitudes ou des omissions. Si vous constatez une lacune, erreur ou ce qui parait \u00eatre un dysfonctionnement, merci de bien vouloir le signaler par email, \u00e0 l\u2019adresse helenearden2@gmail.com, en d\u00e9crivant le probl\u00e8me de la mani\u00e8re la plus pr\u00e9cise possible (page posant probl\u00e8me, type d\u2019ordinateur et de navigateur utilis\u00e9, \u2026). Tout contenu t\u00e9l\u00e9charg\u00e9 se fait aux risques et p\u00e9rils de l\u2019utilisateur et sous sa seule responsabilit\u00e9. En cons\u00e9quence, ne saurait \u00eatre tenu responsable d\u2019un quelconque dommage subi par l\u2019ordinateur de l\u2019utilisateur ou d\u2019une quelconque perte de donn\u00e9es cons\u00e9cutives au t\u00e9l\u00e9chargement. De plus, l\u2019utilisateur du site s\u2019engage \u00e0 acc\u00e9der au site en utilisant un mat\u00e9riel r\u00e9cent, ne contenant pas de virus et avec un navigateur de derni\u00e8re g\u00e9n\u00e9ration mis-\u00e0-jour. Propri\u00e9t\u00e9 intellectuelle : Tout le contenu du pr\u00e9sent site, incluant, de fa\u00e7on non limitative, les graphismes, images, textes, vid\u00e9os, animations, sons, logos, gifs et ic\u00f4nes ainsi que leur mise en forme sont la propri\u00e9t\u00e9 exclusive de H\u00e9l\u00e8ne Arden \u00e0 l\u2019exception des marques, logos ou contenus appartenant \u00e0 d\u2019autres soci\u00e9t\u00e9s partenaires ou auteurs. Toute reproduction, distribution, modification, adaptation, retransmission ou publication, m\u00eame partielle, de ces diff\u00e9rents \u00e9l\u00e9ments est strictement interdite sans l\u2019accord expr\u00e8s par \u00e9crit de l&rsquo;\u00e9ditrice. Cette repr\u00e9sentation ou reproduction, par quelque proc\u00e9d\u00e9 que ce soit, constitue une contrefa\u00e7on sanctionn\u00e9e par les articles L.335-2 et suivants du Code de la propri\u00e9t\u00e9 intellectuelle. Le non-respect de cette interdiction constitue une contrefa\u00e7on pouvant engager la responsabilit\u00e9 civile et p\u00e9nale du contrefacteur. En outre, les propri\u00e9taires des Contenus copi\u00e9s pourraient intenter une action en justice \u00e0 votre encontre. Litiges : Les pr\u00e9sentes conditions du site sont r\u00e9gies par les lois fran\u00e7aises et toute contestation ou litiges qui pourraient na\u00eetre de l\u2019interpr\u00e9tation ou de l\u2019ex\u00e9cution de celles-ci seront de la comp\u00e9tence exclusive des tribunaux d&rsquo;Aix-en-Provence. La langue de r\u00e9f\u00e9rence, pour le r\u00e8glement de contentieux \u00e9ventuels, est le fran\u00e7ais. Donn\u00e9es personnelles : De mani\u00e8re g\u00e9n\u00e9rale, vous n\u2019\u00eates pas tenu de nous communiquer vos donn\u00e9es personnelles lorsque vous visitez notre site Internet. Cependant, ce principe comporte certaines exceptions. En effet, pour certains services propos\u00e9s par notre site, vous pouvez \u00eatre amen\u00e9s \u00e0 nous communiquer certaines donn\u00e9es telles que : votre nom, votre pr\u00e9nom, et votre adresse \u00e9lectronique. Tel est le cas lorsque vous remplissez le formulaire qui vous est propos\u00e9 en ligne, dans la rubrique \u00ab contact \u00bb. Une fois l&rsquo;\u00e9change termin\u00e9, toutes vos informations personnelles seront supprim\u00e9es de nos bases de donn\u00e9es. Enfin, nous pouvons collecter de mani\u00e8re automatique certaines informations vous concernant lors d\u2019une simple navigation sur notre site Internet, notamment : des informations concernant l\u2019utilisation de notre site, comme les zones que vous visitez et les services auxquels vous acc\u00e9dez, votre adresse IP, le type de votre navigateur, vos temps d\u2019acc\u00e8s. De telles informations sont utilis\u00e9es exclusivement \u00e0 des fins de statistiques internes, de mani\u00e8re \u00e0 am\u00e9liorer la qualit\u00e9 des services qui vous sont propos\u00e9s. Elles sont conserv\u00e9es pendant un an. Les bases de donn\u00e9es sont prot\u00e9g\u00e9es par les dispositions de la loi du 1er juillet 1998 transposant la directive 96\/9 du 11 mars 1996 relative \u00e0 la protection juridique des bases de donn\u00e9es. Aucune de vos informations ne sera utilis\u00e9e \u00e0 des fins commerciales ni partag\u00e9.<\/p>\n","protected":false},"author":1,"featured_media":0,"parent":0,"menu_order":0,"comment_status":"closed","ping_status":"closed","template":"","meta":{"footnotes":""},"class_list":["post-87","page","type-page","status-publish","hentry"],"aioseo_notices":[],"_links":{"self":[{"href":"https:\/\/helenearden.com\/index.php?rest_route=\/wp\/v2\/pages\/87","targetHints":{"allow":["GET"]}}],"collection":[{"href":"https:\/\/helenearden.com\/index.php?rest_route=\/wp\/v2\/pages"}],"about":[{"href":"https:\/\/helenearden.com\/index.php?rest_route=\/wp\/v2\/types\/page"}],"author":[{"embeddable":true,"href":"https:\/\/helenearden.com\/index.php?rest_route=\/wp\/v2\/users\/1"}],"replies":[{"embeddable":true,"href":"https:\/\/helenearden.com\/index.php?rest_route=%2Fwp%2Fv2%2Fcomments&post=87"}],"version-history":[{"count":3,"href":"https:\/\/helenearden.com\/index.php?rest_route=\/wp\/v2\/pages\/87\/revisions"}],"predecessor-version":[{"id":461,"href":"https:\/\/helenearden.com\/index.php?rest_route=\/wp\/v2\/pages\/87\/revisions\/461"}],"wp:attachment":[{"href":"https:\/\/helenearden.com\/index.php?rest_route=%2Fwp%2Fv2%2Fmedia&parent=87"}],"curies":[{"name":"wp","href":"https:\/\/api.w.org\/{rel}","templated":true}]}}