{"id":287,"date":"2019-12-16T17:40:44","date_gmt":"2019-12-16T16:40:44","guid":{"rendered":"http:\/\/192.168.0.21\/?page_id=25"},"modified":"2025-10-26T15:40:55","modified_gmt":"2025-10-26T14:40:55","slug":"claude-francois","status":"publish","type":"page","link":"https:\/\/helenearden.com\/?page_id=287","title":{"rendered":"FOR EVER"},"content":{"rendered":"\n<div style=\"height:51px\" aria-hidden=\"true\" class=\"wp-block-spacer\"><\/div>\n\n\n\n<div class=\"wp-block-media-text alignwide is-stacked-on-mobile\"><figure class=\"wp-block-media-text__media\"><img decoding=\"async\" width=\"734\" height=\"1024\" data-src=\"https:\/\/helenearden.com\/wp-content\/uploads\/2020\/11\/87179937_1094948487519724_1329327068562849792_o-734x1024.jpg\" alt=\"Affiche du spectacle for ever dans la peau d'une clodette\" class=\"wp-image-340 size-full lazyload\" data-srcset=\"https:\/\/helenearden.com\/wp-content\/uploads\/2020\/11\/87179937_1094948487519724_1329327068562849792_o-734x1024.jpg 734w, https:\/\/helenearden.com\/wp-content\/uploads\/2020\/11\/87179937_1094948487519724_1329327068562849792_o-215x300.jpg 215w, https:\/\/helenearden.com\/wp-content\/uploads\/2020\/11\/87179937_1094948487519724_1329327068562849792_o-768x1071.jpg 768w, https:\/\/helenearden.com\/wp-content\/uploads\/2020\/11\/87179937_1094948487519724_1329327068562849792_o-1101x1536.jpg 1101w, https:\/\/helenearden.com\/wp-content\/uploads\/2020\/11\/87179937_1094948487519724_1329327068562849792_o-1140x1590.jpg 1140w, https:\/\/helenearden.com\/wp-content\/uploads\/2020\/11\/87179937_1094948487519724_1329327068562849792_o.jpg 1468w\" data-sizes=\"(max-width: 734px) 100vw, 734px\" src=\"data:image\/svg+xml;base64,PHN2ZyB3aWR0aD0iMSIgaGVpZ2h0PSIxIiB4bWxucz0iaHR0cDovL3d3dy53My5vcmcvMjAwMC9zdmciPjwvc3ZnPg==\" style=\"--smush-placeholder-width: 734px; --smush-placeholder-aspect-ratio: 734\/1024;\" \/><\/figure><div class=\"wp-block-media-text__content\">\n<p class=\"has-drop-cap has-text-color\" style=\"color:#000000;font-size:18px\">Apr\u00e8s le succ\u00e8s de \u00ab Montand, le french lover \u00bb, H\u00e9l\u00e8ne Arden, chanteuse, danseuse, com\u00e9dienne et auteur, revient avec un nouveau spectacle, et c\u2019est \u00e0 Claude Fran\u00e7ois qu\u2019elle a choisi de rendre hommage, en se glissant dans la peau d\u2019une Clodette. Comment devenait-on Clodette ? Que se passait-il sur sc\u00e8ne ? Et en coulisses ? Comment \u00e9tait Cloclo dans la vie ? <\/p>\n\n\n\n<p class=\"has-text-color\" style=\"color:#000000;font-size:18px\">Cette ancienne Clodette d\u00e9cide de r\u00e9ouvrir une valise qui contient tous ses souvenirs.<\/p>\n\n\n\n<p class=\"has-text-color\" style=\"color:#000000;font-size:18px\">Claude Fran\u00e7ois, b\u00eate de sc\u00e8ne, passionn\u00e9 de musique et de danse, d\u00e9vou\u00e9 corps et \u00e2me \u00e0 son m\u00e9tier, est \u00e9voqu\u00e9 avec tendresse et v\u00e9rit\u00e9.<\/p>\n\n\n\n<div style=\"height:20px\" aria-hidden=\"true\" class=\"wp-block-spacer\"><\/div>\n\n\n\n<blockquote class=\"wp-block-quote is-style-default is-layout-flow wp-block-quote-is-layout-flow\"><p><em>\u00ab\u00a0Petite, je r\u00eavais d&rsquo;\u00eatre une clodette! Les chor\u00e9es, les paillettes, les bottes, le rythme, Cloclo&#8230;Et bien voil\u00e0 !! J &lsquo;ai \u00e9crit ce spectacle en m&rsquo;inventant un personnage de Clodette&#8230;.J &lsquo;ai appris toutes les chor\u00e9es, fait faire des costumes, r\u00e9fl\u00e9chi et essay\u00e9 de comprendre qui \u00e9tait Claude&#8230;. Et tout \u00e7a a fait CLODETTE FOR EVER, que je partage avec vous sur sc\u00e8ne. Vous allez danser!!!\u00a0\u00bb<\/em><\/p><\/blockquote>\n<\/div><\/div>\n\n\n\n<div style=\"height:100px\" aria-hidden=\"true\" class=\"wp-block-spacer\"><\/div>\n\n\n\n<figure class=\"wp-block-embed aligncenter is-type-video is-provider-youtube wp-block-embed-youtube wp-embed-aspect-16-9 wp-has-aspect-ratio\"><div class=\"wp-block-embed__wrapper\">\n<iframe title=\"FOR EVER teaser voice\" width=\"960\" height=\"540\" data-src=\"https:\/\/www.youtube.com\/embed\/lG_gl68PS8Y?feature=oembed\" frameborder=\"0\" allow=\"accelerometer; autoplay; clipboard-write; encrypted-media; gyroscope; picture-in-picture\" allowfullscreen src=\"data:image\/svg+xml;base64,PHN2ZyB3aWR0aD0iMSIgaGVpZ2h0PSIxIiB4bWxucz0iaHR0cDovL3d3dy53My5vcmcvMjAwMC9zdmciPjwvc3ZnPg==\" class=\"lazyload\" data-load-mode=\"1\"><\/iframe>\n<\/div><\/figure>\n\n\n<div class=\"n2-section-smartslider fitvidsignore  n2_clear\" data-ssid=\"3\" tabindex=\"0\" role=\"region\" aria-label=\"Diaporama\"><div id=\"n2-ss-3-align\" class=\"n2-ss-align\"><div class=\"n2-padding\"><div id=\"n2-ss-3\" data-creator=\"Smart Slider 3\" data-responsive=\"auto\" class=\"n2-ss-slider n2-ow n2-has-hover n2notransition  \"><div class=\"n2-ss-slider-wrapper-inside\">\n        <div class=\"n2-ss-slider-1 n2_ss__touch_element n2-ow\">\n            <div class=\"n2-ss-slider-2 n2-ow\">\n                                                    <div class=\"n2-ss-background-animation n2-ow\"><\/div>\n                                <div class=\"n2-ss-slider-3 n2-ow\">\n\n                    <div class=\"n2-ss-slide-backgrounds n2-ow-all\"><div class=\"n2-ss-slide-background\" data-public-id=\"1\" data-mode=\"fit\"><div class=\"n2-ss-slide-background-image\" data-blur=\"0\" data-opacity=\"100\" data-x=\"50\" data-y=\"50\" data-alt=\"\" data-title=\"\"><picture class=\"skip-lazy\" data-skip-lazy=\"1\"><img decoding=\"async\" src=\"\/\/helenearden.com\/wp-content\/uploads\/slider3\/pressecloclo.png\" alt=\"\" title=\"\" loading=\"lazy\" class=\"skip-lazy\" data-skip-lazy=\"1\"><\/picture><\/div><div data-color=\"RGBA(255,255,255,0)\" style=\"background-color: RGBA(255,255,255,0);\" class=\"n2-ss-slide-background-color\"><\/div><\/div><div class=\"n2-ss-slide-background\" data-public-id=\"2\" data-mode=\"fit\" aria-hidden=\"true\"><div class=\"n2-ss-slide-background-image\" data-blur=\"0\" data-opacity=\"100\" data-x=\"50\" data-y=\"50\" data-alt=\"\" data-title=\"\"><picture class=\"skip-lazy\" data-skip-lazy=\"1\"><img decoding=\"async\" src=\"\/\/helenearden.com\/wp-content\/uploads\/slider3\/screenshot_2020-11-06-clodette-for-ever-theatre-trevise-froggys-delight-musique-cinema-theatre-livres-expos-session....png\" alt=\"\" title=\"\" loading=\"lazy\" class=\"skip-lazy\" data-skip-lazy=\"1\"><\/picture><\/div><div data-color=\"RGBA(255,255,255,0)\" style=\"background-color: RGBA(255,255,255,0);\" class=\"n2-ss-slide-background-color\"><\/div><\/div><\/div>                    <div class=\"n2-ss-slider-4 n2-ow\">\n                        <svg xmlns=\"http:\/\/www.w3.org\/2000\/svg\" viewBox=\"0 0 1000 600\" data-related-device=\"desktopPortrait\" class=\"n2-ow n2-ss-preserve-size n2-ss-preserve-size--slider n2-ss-slide-limiter\"><\/svg><div data-first=\"1\" data-slide-duration=\"0\" data-id=\"6\" data-slide-public-id=\"1\" data-title=\"citations presses\" data-haslink=\"1\" data-href=\"https:\/\/helenearden.com\/wp-content\/uploads\/2020\/11\/pressecloclo.png\" tabindex=\"0\" role=\"button\" data-n2click=\"url\" data-force-pointer=\"\" class=\"n2-ss-slide n2-ow  n2-ss-slide-6\"><div role=\"note\" class=\"n2-ss-slide--focus\">citations presses<\/div><div class=\"n2-ss-layers-container n2-ss-slide-limiter n2-ow\"><div class=\"n2-ss-layer n2-ow n-uc-JI9opcogGfcC\" data-sstype=\"slide\" data-pm=\"default\"><\/div><\/div><\/div><div data-slide-duration=\"0\" data-id=\"7\" data-slide-public-id=\"2\" aria-hidden=\"true\" data-title=\"froggydelight\" data-haslink=\"1\" data-href=\"https:\/\/www.froggydelight.com\/article-20650-Clodette_for_Ever.html\" tabindex=\"0\" role=\"button\" data-target=\"_blank\" data-n2click=\"url\" data-force-pointer=\"\" class=\"n2-ss-slide n2-ow  n2-ss-slide-7\"><div role=\"note\" class=\"n2-ss-slide--focus\">froggydelight<\/div><div class=\"n2-ss-layers-container n2-ss-slide-limiter n2-ow\"><div class=\"n2-ss-layer n2-ow n-uc-zeemczJSY4zI\" data-sstype=\"slide\" data-pm=\"default\"><\/div><\/div><\/div>                    <\/div>\n\n                                    <\/div>\n            <\/div>\n        <\/div>\n        <div class=\"n2-ss-slider-controls n2-ss-slider-controls-absolute-left-center\"><div class=\"n2-ss-widget nextend-arrow n2-ow-all nextend-arrow-previous  nextend-arrow-animated-fade\" id=\"n2-ss-3-arrow-previous\" role=\"button\" aria-label=\"previous arrow\" tabindex=\"0\"><img decoding=\"async\" width=\"32\" height=\"32\" class=\"skip-lazy\" data-skip-lazy=\"1\" src=\"data:image\/svg+xml;base64,PHN2ZyB3aWR0aD0iMzIiIGhlaWdodD0iMzIiIHZpZXdCb3g9IjAgMCAzMiAzMiIgeG1sbnM9Imh0dHA6Ly93d3cudzMub3JnLzIwMDAvc3ZnIj4KICAgIDxwYXRoIGQ9Ik0yMS41OCAyMy41OGwtNy45NjItNy41ODMgNy44Ni03LjQ4NWMuMzItLjI2Mi41MjItLjY1LjUyMi0xLjA4M0MyMiA2LjY0IDIxLjMyOCA2IDIwLjUgNmMtLjQwMyAwLS43NjguMTUtMS4wMzguMzk4bC0uMDA0LS4wMDQtOSA4LjU3di4wMDJjLS4yODIuMjYtLjQ1OC42MjQtLjQ1OCAxLjAyOFYxNmMwIC40MDQuMTc2Ljc3LjQ2IDEuMDNoLS4wMDJsOSA4LjU3Yy4yNy4yNDcuNjM4LjQgMS4wNDIuNC44MyAwIDEuNS0uNjQgMS41LTEuNDMgMC0uMzg0LS4xNi0uNzMzLS40Mi0uOTl6IgogICAgICAgICAgZmlsbD0iI2Q2MzQwNiIgb3BhY2l0eT0iMSIgZmlsbC1ydWxlPSJldmVub2RkIi8+Cjwvc3ZnPg==\" alt=\"previous arrow\"><\/div><\/div><div class=\"n2-ss-slider-controls n2-ss-slider-controls-absolute-right-center\"><div class=\"n2-ss-widget nextend-arrow n2-ow-all nextend-arrow-next  nextend-arrow-animated-fade\" id=\"n2-ss-3-arrow-next\" role=\"button\" aria-label=\"next arrow\" tabindex=\"0\"><img decoding=\"async\" width=\"32\" height=\"32\" class=\"skip-lazy\" data-skip-lazy=\"1\" src=\"data:image\/svg+xml;base64,PHN2ZyB3aWR0aD0iMzIiIGhlaWdodD0iMzIiIHZpZXdCb3g9IjAgMCAzMiAzMiIgeG1sbnM9Imh0dHA6Ly93d3cudzMub3JnLzIwMDAvc3ZnIj4KICAgIDxwYXRoIGQ9Ik0yMiAxNS45OTd2LS4wMDNjMC0uNDA0LS4xNzYtLjc2OC0uNDYtMS4wMjhoLjAwMmwtOS04LjU3Mi0uMDA0LjAwNEMxMi4yNjggNi4xNSAxMS45MDIgNiAxMS41IDZjLS44MyAwLTEuNS42NC0xLjUgMS40MyAwIC40MzIuMjAzLjgyLjUyMyAxLjA4Mmw3Ljg2IDcuNDg1LTcuOTYzIDcuNTgzYy0uMjYuMjU3LS40Mi42MDYtLjQyLjk5IDAgLjc5LjY3IDEuNDMgMS41IDEuNDMuNDA0IDAgLjc3LS4xNTMgMS4wNC0uNGw5LjAwMi04LjU3di0uMDAyYy4yODItLjI2LjQ1OC0uNjI0LjQ1OC0xLjAyOHYtLjAwM3oiCiAgICAgICAgICBmaWxsPSIjZDYzNDA2IiBvcGFjaXR5PSIxIiBmaWxsLXJ1bGU9ImV2ZW5vZGQiLz4KPC9zdmc+\" alt=\"next arrow\"><\/div><\/div><\/div><\/div><ss3-loader><\/ss3-loader><\/div><\/div><div class=\"n2_clear\"><\/div><\/div>\n\n\n<div style=\"height:65px\" aria-hidden=\"true\" class=\"wp-block-spacer\"><\/div>\n\n\n\n<figure class=\"wp-block-embed aligncenter is-type-video is-provider-dailymotion wp-block-embed-dailymotion wp-embed-aspect-16-9 wp-has-aspect-ratio\"><div class=\"wp-block-embed__wrapper\">\n<iframe title=\"INTERVIEW D&#039;H\u00e9l\u00e8ne ARDEN &quot;Clodette for ever&quot;  pour  MBTV\" frameborder=\"0\" width=\"960\" height=\"539\" data-src=\"https:\/\/www.dailymotion.com\/embed\/video\/x6iw4ui?pubtool=oembed\" allowfullscreen allow=\"autoplay\" src=\"data:image\/svg+xml;base64,PHN2ZyB3aWR0aD0iMSIgaGVpZ2h0PSIxIiB4bWxucz0iaHR0cDovL3d3dy53My5vcmcvMjAwMC9zdmciPjwvc3ZnPg==\" class=\"lazyload\" data-load-mode=\"1\"><\/iframe>\n<\/div><\/figure>\n\n\n\n<h2 class=\"wp-block-heading\">L\u2019\u00e9quipe artistique<\/h2>\n\n\n\n<div style=\"height:41px\" aria-hidden=\"true\" class=\"wp-block-spacer\"><\/div>\n\n\n<div class=\"wp-block-image\">\n<figure class=\"aligncenter size-large is-resized\"><img decoding=\"async\" data-src=\"https:\/\/helenearden.com\/wp-content\/uploads\/2020\/11\/Photo-cloclo-for-ever.png\" alt=\"\" class=\"wp-image-338 lazyload\" width=\"672\" height=\"380\" data-srcset=\"https:\/\/helenearden.com\/wp-content\/uploads\/2020\/11\/Photo-cloclo-for-ever.png 474w, https:\/\/helenearden.com\/wp-content\/uploads\/2020\/11\/Photo-cloclo-for-ever-300x170.png 300w\" data-sizes=\"(max-width: 672px) 100vw, 672px\" src=\"data:image\/svg+xml;base64,PHN2ZyB3aWR0aD0iMSIgaGVpZ2h0PSIxIiB4bWxucz0iaHR0cDovL3d3dy53My5vcmcvMjAwMC9zdmciPjwvc3ZnPg==\" style=\"--smush-placeholder-width: 672px; --smush-placeholder-aspect-ratio: 672\/380;\" \/><\/figure>\n<\/div>\n\n\n<div style=\"height:35px\" aria-hidden=\"true\" class=\"wp-block-spacer\"><\/div>\n\n\n\n<h4 class=\"has-black-color has-text-color wp-block-heading\"><strong>VALERY RODRIGUEZ<\/strong><\/h4>\n\n\n\n<p class=\"has-text-color has-medium-font-size\" style=\"color:#000000\"><strong>MISE EN SCENE<\/strong><\/p>\n\n\n\n<p><\/p>\n\n\n\n<p class=\"has-text-color has-medium-font-size\" style=\"color:#000000\">Val\u00e9ry est notre metteur en sc\u00e8ne. Il suit une formation intense de danse, chant et th\u00e9\u00e2tre au London Studio Center. Il joue dans \u00abMartin Guerre\u00bb, \u00abChantons sous la pluie\u00bb, \u00abLes enfants du soleil\u00bb, \u00abHair\u00bb, \u00abLes mis\u00e9rables\u00bb, \u00abWest Side Story\u00bb. En 2008 apr\u00e8s avoir pass\u00e9 une ann\u00e9e dans le spectacle \u00abLe Roi Lion\u00bb, il d\u00e9cide de cr\u00e9er ses propres projets et de les mettre en sc\u00e8ne. Ce sera \u00abSwinging Life\u00bb (jou\u00e9e de nombreuses fois \u00e0 L\u2019Alhambra, au Comedia et Bobino et en tourn\u00e9e en France). En 2015 il cr\u00e9e le spectacle \u00abBlack Legends\u00bb aux Folies Berg\u00e8re, un v\u00e9ritable triomphe. Depuis 2017, Valery s\u2019est install\u00e9 \u00e0 Marseille et dirige le p\u00f4le chant d\u2019Orchestra Pro, \u00e9cole d\u2019art pluridisciplinaire qui a ouvert ses portes en 2018.<\/p>\n\n\n\n<div style=\"height:27px\" aria-hidden=\"true\" class=\"wp-block-spacer\"><\/div>\n\n\n\n<h4 class=\"has-black-color has-text-color wp-block-heading\"><strong>MATHIEU MEYER<\/strong><\/h4>\n\n\n\n<p class=\"has-black-color has-text-color has-medium-font-size\"><strong>PIANISTE <\/strong><br><\/p>\n\n\n\n<p class=\"has-black-color has-text-color has-medium-font-size\">Mathieu Meyer commence le piano \u00e0 l\u2019\u00e9cole de musique de l\u2019Ile-Saint-Denis (Seine-Saint-Denis) \u00e0 l\u2019\u00e2ge de 5 ans.<br>Il d\u00e9couvre tr\u00e8s t\u00f4t le piano jazz et se passionne alors pour l\u2019improvisation et l\u2019harmonie. Des \u00e9tudes litt\u00e9raires l\u2019am\u00e8neront \u00e0 \u00e9tudier l\u2019harmonie musicale puis il int\u00e8gre en parall\u00e8le les conservatoires parisiens o\u00f9 il se forme \u00e0 de multiples disciplines, du piano classique au piano jazz en passant par la composition ou encore le clavecin et le soundpainting. Il fait ses premiers pas sur la sc\u00e8ne musicale parisienne avec divers projets refl\u00e9tant son \u00e9clectisme et notamment son trio o\u00f9 naissent ses premi\u00e8res compositions jazz.<\/p>\n\n\n\n<div style=\"height:27px\" aria-hidden=\"true\" class=\"wp-block-spacer\"><\/div>\n\n\n\n<p><\/p>\n\n\n\n<h4 class=\"has-black-color has-text-color wp-block-heading\"><strong>CLEMENT GARCIN<\/strong><\/h4>\n\n\n\n<p class=\"has-black-color has-text-color has-medium-font-size\"><strong>GUITARE-BASSE<\/strong><\/p>\n\n\n\n<p class=\"has-black-color has-text-color has-medium-font-size\">Cl\u00e9ment est n\u00e9 \u00e0 Paris, il y a pass\u00e9 son bac puis il est parti \u00e0 Nancy pour \u00e9tudier la musique \u00e0 la Music Academy International (MAI).<\/p>\n\n\n\n<p class=\"has-black-color has-text-color has-medium-font-size\">De retour \u00e0 Paris il passe une licence de physique et poursuit en m\u00eame temps ses \u00e9tudes de musique avec des professeurs renomm\u00e9s (Emil Spanyi, Misja F. Michel). Tr\u00e8s dou\u00e9, passionn\u00e9,&nbsp; il commence \u00e0 donner des cours de guitare et de basse, &nbsp;joue dans de nombreuses formations (jazz, jazz manouche, swing, blues\u2026), et fonde le \u00ab&nbsp;Sweet Swing Trio&nbsp;\u00bb avec lequel il se produit partout en France. Il accompagne de nombreux artistes sur sc\u00e8ne et en studio ( G\u00e9rard Holtz, Claude Salmi\u00e9ri, Boulou Ferr\u00e9\u2026), et compose pour le cin\u00e9ma musiques additionnelles et musiques d\u2019habillage sonore.<\/p>\n\n\n\n<p class=\"has-black-color has-text-color has-medium-font-size\">Depuis 2013 il joue dans le spectacle d\u2019H\u00e9l\u00e8ne Arden \u00ab&nbsp;Montand, le french lover&nbsp;\u00bb et c\u2019est avec un plaisir \u00e9vident qu\u2019il se lance dans l\u2019aventure Clodette&nbsp;!<\/p>\n\n\n\n<div style=\"height:67px\" aria-hidden=\"true\" class=\"wp-block-spacer\"><\/div>\n\n\n<div class=\"wp-block-image\">\n<figure class=\"aligncenter size-large is-resized\"><img decoding=\"async\" data-src=\"https:\/\/helenearden.com\/wp-content\/uploads\/2020\/11\/20247987_486127295068516_5748508667374872917_o.jpg\" alt=\"Helene Arden en clodette\" class=\"wp-image-339 lazyload\" width=\"400\" height=\"600\" data-srcset=\"https:\/\/helenearden.com\/wp-content\/uploads\/2020\/11\/20247987_486127295068516_5748508667374872917_o.jpg 648w, https:\/\/helenearden.com\/wp-content\/uploads\/2020\/11\/20247987_486127295068516_5748508667374872917_o-200x300.jpg 200w\" data-sizes=\"(max-width: 400px) 100vw, 400px\" src=\"data:image\/svg+xml;base64,PHN2ZyB3aWR0aD0iMSIgaGVpZ2h0PSIxIiB4bWxucz0iaHR0cDovL3d3dy53My5vcmcvMjAwMC9zdmciPjwvc3ZnPg==\" style=\"--smush-placeholder-width: 400px; --smush-placeholder-aspect-ratio: 400\/600;\" \/><\/figure>\n<\/div>\n\n\n<div style=\"height:101px\" aria-hidden=\"true\" class=\"wp-block-spacer\"><\/div>\n\n\n\n<div class=\"wp-block-wpzoom-blocks-social-icons is-style-with-canvas-rounded\" style=\"--wpz-social-icons-block-item-font-size:25px;--wpz-social-icons-block-item-padding-horizontal:6px;--wpz-social-icons-block-item-padding-vertical:6px;--wpz-social-icons-block-item-margin-horizontal:5px;--wpz-social-icons-block-item-margin-vertical:5px;--wpz-social-icons-block-item-border-radius:6px;--wpz-social-icons-block-label-font-size:16px;--wpz-social-icons-block-label-color:#2e3131;--wpz-social-icons-block-label-color-hover:#2e3131;--wpz-social-icons-alignment:center\"><a href=\"https:\/\/fr-fr.facebook.com\/helene.arden.5\" class=\"social-icon-link\" title=\"Facebook\" target=\"_blank\" rel=\"noopener noreferrer\" style=\"--wpz-social-icons-block-item-color:#1877F2;--wpz-social-icons-block-item-color-hover:#1877F2\"><span class=\"social-icon socicon socicon-facebook\"><\/span><\/a><a href=\"https:\/\/twitter.com\/ardenhelene\" class=\"social-icon-link\" title=\"Twitter\" target=\"_blank\" rel=\"noopener noreferrer\" style=\"--wpz-social-icons-block-item-color:#1da1f2;--wpz-social-icons-block-item-color-hover:#1da1f2\"><span class=\"social-icon socicon socicon-twitter\"><\/span><\/a><a href=\"https:\/\/instagram.com\/arden.helene?igshid=9q0oulvzsnuh\" class=\"social-icon-link\" title=\"Instagram\" target=\"_blank\" rel=\"noopener noreferrer\" style=\"--wpz-social-icons-block-item-color:#E4405F;--wpz-social-icons-block-item-color-hover:#E4405F\"><span class=\"social-icon socicon socicon-instagram\"><\/span><\/a><a href=\"https:\/\/www.youtube.com\/channel\/UCG_8c3_VlwqSdI7ieHL3sLQ\" class=\"social-icon-link\" title=\"Youtube\" target=\"_blank\" rel=\"noopener noreferrer\" style=\"--wpz-social-icons-block-item-color:#f2182b;--wpz-social-icons-block-item-color-hover:#f21841\"><span class=\"social-icon socicon socicon-youtube\"><\/span><\/a><a href=\"http:\/\/edithmarilynsimoneetyvesmontand.blogspot.com\/https:\/\/wordpress.org\" class=\"social-icon-link\" title=\"Blogger\" target=\"_blank\" rel=\"noopener noreferrer\" style=\"--wpz-social-icons-block-item-color:#f26e18;--wpz-social-icons-block-item-color-hover:#f27518\"><span class=\"social-icon socicon socicon-blogger\"><\/span><\/a><\/div>\n","protected":false},"excerpt":{"rendered":"<p>L\u2019\u00e9quipe artistique VALERY RODRIGUEZ MISE EN SCENE Val\u00e9ry est notre metteur en sc\u00e8ne. Il suit une formation intense de danse, chant et th\u00e9\u00e2tre au London Studio Center. Il joue dans \u00abMartin Guerre\u00bb, \u00abChantons sous la pluie\u00bb, \u00abLes enfants du soleil\u00bb, \u00abHair\u00bb, \u00abLes mis\u00e9rables\u00bb, \u00abWest Side Story\u00bb. En 2008 apr\u00e8s avoir pass\u00e9 une ann\u00e9e dans le spectacle \u00abLe Roi Lion\u00bb, il d\u00e9cide de cr\u00e9er ses propres projets et de les mettre en sc\u00e8ne. Ce sera \u00abSwinging Life\u00bb (jou\u00e9e de nombreuses fois \u00e0 L\u2019Alhambra, au Comedia et Bobino et en tourn\u00e9e en France). En 2015 il cr\u00e9e le spectacle \u00abBlack Legends\u00bb aux Folies Berg\u00e8re, un v\u00e9ritable triomphe. Depuis 2017, Valery s\u2019est install\u00e9 \u00e0 Marseille et dirige le p\u00f4le chant d\u2019Orchestra Pro, \u00e9cole d\u2019art pluridisciplinaire qui a ouvert ses portes en 2018. MATHIEU MEYER PIANISTE Mathieu Meyer commence le piano \u00e0 l\u2019\u00e9cole de musique de l\u2019Ile-Saint-Denis (Seine-Saint-Denis) \u00e0 l\u2019\u00e2ge de 5 ans.Il d\u00e9couvre tr\u00e8s t\u00f4t le piano jazz et se passionne alors pour l\u2019improvisation et l\u2019harmonie. Des \u00e9tudes litt\u00e9raires l\u2019am\u00e8neront \u00e0 \u00e9tudier l\u2019harmonie musicale puis il int\u00e8gre en parall\u00e8le les conservatoires parisiens o\u00f9 il se forme \u00e0 de multiples disciplines, du piano classique au piano jazz en passant par la composition ou encore le clavecin et le soundpainting. Il fait ses premiers pas sur la sc\u00e8ne musicale parisienne avec divers projets refl\u00e9tant son \u00e9clectisme et notamment son trio o\u00f9 naissent ses premi\u00e8res compositions jazz. CLEMENT GARCIN GUITARE-BASSE Cl\u00e9ment est n\u00e9 \u00e0 Paris, il y a pass\u00e9 son bac puis il est parti \u00e0 Nancy pour \u00e9tudier la musique \u00e0 la Music Academy International (MAI). De retour \u00e0 Paris il passe une licence de physique et poursuit en m\u00eame temps ses \u00e9tudes de musique avec des professeurs renomm\u00e9s (Emil Spanyi, Misja F. Michel). Tr\u00e8s dou\u00e9, passionn\u00e9,&nbsp; il commence \u00e0 donner des cours de guitare et de basse, &nbsp;joue dans de nombreuses formations (jazz, jazz manouche, swing, blues\u2026), et fonde le \u00ab&nbsp;Sweet Swing Trio&nbsp;\u00bb avec lequel il se produit partout en France. Il accompagne de nombreux artistes sur sc\u00e8ne et en studio ( G\u00e9rard Holtz, Claude Salmi\u00e9ri, Boulou Ferr\u00e9\u2026), et compose pour le cin\u00e9ma musiques additionnelles et musiques d\u2019habillage sonore. Depuis 2013 il joue dans le spectacle d\u2019H\u00e9l\u00e8ne Arden \u00ab&nbsp;Montand, le french lover&nbsp;\u00bb et c\u2019est avec un plaisir \u00e9vident qu\u2019il se lance dans l\u2019aventure Clodette&nbsp;!<\/p>\n","protected":false},"author":1,"featured_media":287,"parent":284,"menu_order":0,"comment_status":"closed","ping_status":"closed","template":"","meta":{"footnotes":""},"class_list":["post-287","page","type-page","status-publish","has-post-thumbnail","hentry"],"aioseo_notices":[],"_links":{"self":[{"href":"https:\/\/helenearden.com\/index.php?rest_route=\/wp\/v2\/pages\/287","targetHints":{"allow":["GET"]}}],"collection":[{"href":"https:\/\/helenearden.com\/index.php?rest_route=\/wp\/v2\/pages"}],"about":[{"href":"https:\/\/helenearden.com\/index.php?rest_route=\/wp\/v2\/types\/page"}],"author":[{"embeddable":true,"href":"https:\/\/helenearden.com\/index.php?rest_route=\/wp\/v2\/users\/1"}],"replies":[{"embeddable":true,"href":"https:\/\/helenearden.com\/index.php?rest_route=%2Fwp%2Fv2%2Fcomments&post=287"}],"version-history":[{"count":10,"href":"https:\/\/helenearden.com\/index.php?rest_route=\/wp\/v2\/pages\/287\/revisions"}],"predecessor-version":[{"id":730,"href":"https:\/\/helenearden.com\/index.php?rest_route=\/wp\/v2\/pages\/287\/revisions\/730"}],"up":[{"embeddable":true,"href":"https:\/\/helenearden.com\/index.php?rest_route=\/wp\/v2\/pages\/284"}],"wp:featuredmedia":[{"embeddable":true,"href":"https:\/\/helenearden.com\/index.php?rest_route=\/wp\/v2\/pages\/287"}],"wp:attachment":[{"href":"https:\/\/helenearden.com\/index.php?rest_route=%2Fwp%2Fv2%2Fmedia&parent=287"}],"curies":[{"name":"wp","href":"https:\/\/api.w.org\/{rel}","templated":true}]}}